{"id":417,"date":"2023-11-13T17:38:24","date_gmt":"2023-11-13T17:38:24","guid":{"rendered":"https:\/\/idtconsultores.com\/lnd\/?page_id=417"},"modified":"2024-01-30T12:43:12","modified_gmt":"2024-01-30T18:43:12","slug":"404-2","status":"publish","type":"page","link":"https:\/\/idtconsultores.com\/lnd\/","title":{"rendered":"404"},"content":{"rendered":"\t\t<div data-elementor-type=\"wp-page\" data-elementor-id=\"417\" class=\"elementor elementor-417\" data-elementor-post-type=\"page\">\n\t\t\t\t<div class=\"elementor-element elementor-element-93e7bed e-con-full e-flex e-con e-parent\" data-id=\"93e7bed\" data-element_type=\"container\" data-e-type=\"container\" data-settings=\"{&quot;jet_parallax_layout_list&quot;:[]}\">\n\t\t<div class=\"elementor-element elementor-element-41f8adc e-con-full elementor-hidden-tablet elementor-hidden-mobile e-flex e-con e-child\" data-id=\"41f8adc\" data-element_type=\"container\" data-e-type=\"container\" data-settings=\"{&quot;jet_parallax_layout_list&quot;:[]}\">\n\t\t\t\t<\/div>\n\t\t<div class=\"elementor-element elementor-element-2d9ebf7 e-con-full e-flex e-con e-child\" data-id=\"2d9ebf7\" data-element_type=\"container\" data-e-type=\"container\" data-settings=\"{&quot;jet_parallax_layout_list&quot;:[]}\">\n\t\t\t\t<div class=\"elementor-element elementor-element-b2ce7e5 elementor-widget elementor-widget-heading\" data-id=\"b2ce7e5\" data-element_type=\"widget\" data-e-type=\"widget\" data-widget_type=\"heading.default\">\n\t\t\t\t<div class=\"elementor-widget-container\">\n\t\t\t\t\t<h5 class=\"elementor-heading-title elementor-size-default\">Error<\/h5>\t\t\t\t<\/div>\n\t\t\t\t<\/div>\n\t\t\t\t<div class=\"elementor-element elementor-element-fda259a elementor-widget elementor-widget-heading\" data-id=\"fda259a\" data-element_type=\"widget\" data-e-type=\"widget\" data-widget_type=\"heading.default\">\n\t\t\t\t<div class=\"elementor-widget-container\">\n\t\t\t\t\t<h5 class=\"elementor-heading-title elementor-size-default\">404<\/h5>\t\t\t\t<\/div>\n\t\t\t\t<\/div>\n\t\t\t\t<div class=\"elementor-element elementor-element-bdf279b elementor-widget elementor-widget-heading\" data-id=\"bdf279b\" data-element_type=\"widget\" data-e-type=\"widget\" data-widget_type=\"heading.default\">\n\t\t\t\t<div class=\"elementor-widget-container\">\n\t\t\t\t\t<h5 class=\"elementor-heading-title elementor-size-default\">Ups!<br> Esta p\u00e1gina no existe<\/h5>\t\t\t\t<\/div>\n\t\t\t\t<\/div>\n\t\t\t\t<div class=\"elementor-element elementor-element-bf9a5c4 elementor-widget elementor-widget-text-editor\" data-id=\"bf9a5c4\" data-element_type=\"widget\" data-e-type=\"widget\" data-widget_type=\"text-editor.default\">\n\t\t\t\t<div class=\"elementor-widget-container\">\n\t\t\t\t\t\t\t\t\t<p>No hemos encontrado la p\u00e1gina que estabas buscando. A continuaci\u00f3n encontrar\u00e1s un bot\u00f3n para seguir navegando por nuestra p\u00e1gina web.<\/p>\t\t\t\t\t\t\t\t<\/div>\n\t\t\t\t<\/div>\n\t\t\t\t<div class=\"elementor-element elementor-element-d26e4bb elementor-widget elementor-widget-button\" data-id=\"d26e4bb\" data-element_type=\"widget\" data-e-type=\"widget\" data-widget_type=\"button.default\">\n\t\t\t\t<div class=\"elementor-widget-container\">\n\t\t\t\t\t\t\t\t\t<div class=\"elementor-button-wrapper\">\n\t\t\t\t\t<a class=\"elementor-button elementor-button-link elementor-size-sm\" href=\"https:\/\/idtconsultores.com\">\n\t\t\t\t\t\t<span class=\"elementor-button-content-wrapper\">\n\t\t\t\t\t\t\t\t\t<span class=\"elementor-button-text\">Haz clic aqu\u00ed<\/span>\n\t\t\t\t\t<\/span>\n\t\t\t\t\t<\/a>\n\t\t\t\t<\/div>\n\t\t\t\t\t\t\t\t<\/div>\n\t\t\t\t<\/div>\n\t\t\t\t<\/div>\n\t\t<div class=\"elementor-element elementor-element-539edf0 e-con-full e-flex e-con e-child\" data-id=\"539edf0\" data-element_type=\"container\" data-e-type=\"container\" data-settings=\"{&quot;jet_parallax_layout_list&quot;:[]}\">\n\t\t\t\t<div class=\"elementor-element elementor-element-7f94130 elementor-widget__width-inherit elementor-widget elementor-widget-jet-lottie\" data-id=\"7f94130\" data-element_type=\"widget\" data-e-type=\"widget\" data-widget_type=\"jet-lottie.default\">\n\t\t\t\t<div class=\"elementor-widget-container\">\n\t\t\t\t\t<div class=\"elementor-jet-lottie jet-elements\"><div class=\"jet-lottie\" data-settings=\"{&quot;path&quot;:&quot;https:\\\/\\\/idtconsultores.com\\\/lnd\\\/wp-content\\\/uploads\\\/2023\\\/11\\\/404.json&quot;,&quot;renderer&quot;:&quot;svg&quot;,&quot;action_start&quot;:&quot;autoplay&quot;,&quot;delay&quot;:0,&quot;on_hover_out&quot;:&quot;default&quot;,&quot;redirect_timeout&quot;:0,&quot;viewport&quot;:&quot;&quot;,&quot;loop&quot;:true,&quot;loop_times&quot;:&quot;&quot;,&quot;reversed&quot;:false,&quot;play_speed&quot;:1}\"><div class=\"jet-lottie__elem\"><\/div><\/div><\/div>\t\t\t\t<\/div>\n\t\t\t\t<\/div>\n\t\t\t\t<\/div>\n\t\t\t\t<\/div>\n\t\t\t\t<\/div>\n\t\t","protected":false},"excerpt":{"rendered":"<p>Error 404 Ups! Esta p\u00e1gina no existe No hemos encontrado la p\u00e1gina que estabas buscando. A continuaci\u00f3n encontrar\u00e1s un bot\u00f3n para seguir navegando por nuestra p\u00e1gina web. Haz clic aqu\u00ed<\/p>\n","protected":false},"author":1,"featured_media":0,"parent":0,"menu_order":0,"comment_status":"closed","ping_status":"closed","template":"elementor_header_footer","meta":{"footnotes":""},"wf_page_folders":[],"class_list":["post-417","page","type-page","status-publish","hentry"],"_links":{"self":[{"href":"https:\/\/idtconsultores.com\/lnd\/wp-json\/wp\/v2\/pages\/417","targetHints":{"allow":["GET"]}}],"collection":[{"href":"https:\/\/idtconsultores.com\/lnd\/wp-json\/wp\/v2\/pages"}],"about":[{"href":"https:\/\/idtconsultores.com\/lnd\/wp-json\/wp\/v2\/types\/page"}],"author":[{"embeddable":true,"href":"https:\/\/idtconsultores.com\/lnd\/wp-json\/wp\/v2\/users\/1"}],"replies":[{"embeddable":true,"href":"https:\/\/idtconsultores.com\/lnd\/wp-json\/wp\/v2\/comments?post=417"}],"version-history":[{"count":25,"href":"https:\/\/idtconsultores.com\/lnd\/wp-json\/wp\/v2\/pages\/417\/revisions"}],"predecessor-version":[{"id":1305,"href":"https:\/\/idtconsultores.com\/lnd\/wp-json\/wp\/v2\/pages\/417\/revisions\/1305"}],"wp:attachment":[{"href":"https:\/\/idtconsultores.com\/lnd\/wp-json\/wp\/v2\/media?parent=417"}],"wp:term":[{"taxonomy":"wf_page_folders","embeddable":true,"href":"https:\/\/idtconsultores.com\/lnd\/wp-json\/wp\/v2\/wf_page_folders?post=417"}],"curies":[{"name":"wp","href":"https:\/\/api.w.org\/{rel}","templated":true}]}}